undreds digit of n?
6
Suppose -87*o - 18520 = -92*o. What is the units digit of (10/4)/(10/o)?
6
Let h be (-29)/(-58) + ((-3403)/(-2) - -1). Suppose -6527 = -9*q - h. What is the tens digit of q?
3
Let c be (-22272)/(-6) + 3*(-2)/3. Suppose -6*t + c = 5*f - 11*t, -2*f - 2*t + 1492 = 0. What is the units digit of f?
4
Suppose -12*g + 4424450 = 68*g + 27*g. What is the tens digit of g?
5
Let b(h) = 112*h + 33. Let j(v) = 37*v + 11. Let f(p) = -2*b(p) + 7*j(p). What is the hundreds digit of f(13)?
4
Let d = 1566 - 2385. Let n be d/(-84) - 2/(-8). What is the units digit of (12/(-24))/(n/232)*-10?
6
Suppose -4*z + 8*p - 5*p + 62 = 0, p = 2*z - 30. What is the units digit of 3/(-6) + 6881/z + 0?
1
What is the units digit of 3192 - 5/(-10)*-2?
1
Let j = 9548 - -5526. What is the hundreds digit of j?
0
Let m be 15 + (3 - 1) + -5. What is the hundreds digit of -24*m*40/(-45)?
2
Let s be ((-6)/(-9))/((-7)/21). Let c be (-12)/(-3) - (s + 0 - -5). Let b(w) = 82*w**2 + 1. What is the units digit of b(c)?
3
Suppose 3*k + 27 = 4*a - 0*k, 0 = -4*k - 20. What is the units digit of 646 + (12/a - (11 - 2))?
1
Let q(o) = 45*o + 398. What is the tens digit of q(-3)?
6
Let s(k) = 347*k + 11. Let l(g) = 350*g + 10. Let q(v) = -2*l(v) + 3*s(v). What is the units digit of q(1)?
4
Let z = -4843 + 7152. Suppose -z = -6*s + 2239. What is the hundreds digit of s?
7
Suppose 18 = 4*s - 10*s. Let n(j) = 75*j - 6. Let l be n(s). What is the tens digit of ((-72)/14)/(22/l)?
5
Let j = 475 - -62. Let i = 219 + j. What is the hundreds digit of i?
7
What is the units digit of 4986 + (-8)/2 - (-7 + 4 + 5)?
0
Let u = 34 + -18. Suppose 3*k + 962 = u*k. Let b = -17 + k. What is the tens digit of b?
5
Let t be (-1 + -7817 + -2)*(-1)/2. Suppose -5*l - 18*l = -t. What is the units digit of l?
0
What is the hundreds digit of (-98560)/((-40)/4) + -4 + 10/2?
8
Suppose n - 5*f = 99, 2*f - 1 = 9. Suppose -n = -3*w - 4*v + 658, -16 = 4*v. What is the units digit of w?
6
Let m(i) = i**2 + 14*i + 13. Let p be m(-13). Suppose -6*u + 16*u + 840 = p. Let b = 168 + u. What is the tens digit of b?
8
Let b(h) be the second derivative of -h**4/12 - 3*h**3/2 + 9*h**2 + 29*h. Let a be b(-10). Suppose -a*v + 821 = -851. What is the hundreds digit of v?
2
Suppose 0 = -61*z + 44*z + 7446. Suppose -z*p - 1880 = -448*p. What is the tens digit of p?
8
What is the tens digit of -11 + -5 + (-8534)/(-3) + 1/3?
2
Let i be 6650/10 + 8*-1. Let a = 1157 - i. What is the units digit of a?
0
Let b(t) = -1 + 32*t + 167*t + 126*t - 80*t. What is the units digit of b(1)?
4
Let l(o) = 37*o**2 + 215*o + 83. What is the ten thousands digit of l(-25)?
1
Suppose 5*j + v - 1619 = 0, 5*j + 0*v - 4*v = 1624. What is the units digit of ((-21)/(-6))/(-2 - j/(-160))?
0
Suppose 3*v - 18060 = -1866. What is the thousands digit of v?
5
Suppose -1310045 = -151*f + 2227885. What is the thousands digit of f?
3
Let z = 566 - 562. Suppose t - z*a = 1067, 4*a = -3*t + 1651 + 1518. What is the hundreds digit of t?
0
Suppose -3*a + 86 = -28. Let v(p) = -2*p**2 - 5*p - 6. Let y be v(0). What is the tens digit of (a/(-3))/(-2 - 10/y)?
3
Suppose 197822 = 4*a - p + 36567, 40326 = a - 2*p. What is the tens digit of a?
1
Let k(f) = 9107*f**2 - 118*f - 121. What is the tens digit of k(-1)?
0
Suppose -36124 = -17158*p + 17156*p. What is the ten thousands digit of p?
1
What is the tens digit of ((-25544)/16 + 14)*32/(-12)?
2
Let p(u) = -u**2 + 37*u - 15. Suppose 0 = 4*j - 5*s - 6 + 13, -2*j - 5*s = 41. Let v be j/(-4) + 1 - -25. What is the units digit of p(v)?
7
Let h be 24/(-36)*3372/8. Let m = -1109 - -610. Let j = h - m. What is the units digit of j?
8
Let d(w) = 129*w**3 - 11*w**2 + 108*w - 347. What is the units digit of d(9)?
5
What is the units digit of (-960)/5280 + ((-2)/22)/((-2)/123666)?
1
Suppose -2*r + 4960 = 2*r - 2*o, 0 = -2*r + 4*o + 2492. Suppose r = z + 161. What is the thousands digit of z?
1
Suppose 2*r + r = -27. Let z be r/(-2)*6/9. Suppose -12 = -z*d, -n + 2*d = -4*n + 230. What is the tens digit of n?
7
Suppose 0 = 15*i - 25*i + 105550. What is the hundreds digit of i?
5
Let c = 5986 - 3396. What is the thousands digit of c?
2
Let b be 18710/(-85) - 4/(-34). Let k be (-2)/(1*4/b). Let n = k - -35. What is the tens digit of n?
4
Let c = 5217 + 1487. What is the tens digit of c?
0
Let x(o) = -3*o**2 + 14*o + 8. Suppose -2*u + 2*m + 2 = 0, 3 = u + m - 6. Let f be x(u). Suppose 3*z + f - 129 = 0. What is the tens digit of z?
4
Suppose 2*k - 2*q - 788 = 0, -8*k - 2*q + 1552 = -4*k. Let t = k - -462. What is the hundreds digit of t?
8
Suppose 721863 = 157*y - 419527. What is the hundreds digit of y?
2
Suppose 5*t = 3*x - 0*x - 16, x - 4 = t. Let y be 4/14 + (-46062)/(-189). Suppose y = x*d + 2*d. What is the tens digit of d?
6
Let o(u) = -2*u**2 + 25*u - 72. Let a be o(7). Let s(m) = 19*m + 5. Let k be s(4). Let c = k + a. What is the units digit of c?
6
Suppose 15*m - 15871 = 14*m + 3*u, 63430 = 4*m - 3*u. What is the thousands digit of m?
5
Let y = -1177 - -483. Let m be (-55)/(-11) - y/2. Suppose -2*u = 5*a - 1314, 4*a - m = 3*u + 690. What is the tens digit of a?
6
Let n(d) = 4*d**3 - 10*d**2 + 44*d - 159. What is the hundreds digit of n(14)?
4
Let z(p) = 746*p**2 + 51*p + 2. What is the tens digit of z(-3)?
6
Let m = 5167 - 39. What is the thousands digit of m?
5
Suppose -3*s + 7698 = 171*w - 168*w, -2*w = 0. What is the hundreds digit of s?
5
Suppose 17*q - 15*q + i - 7054 = 0, 0 = -5*q - 5*i + 17635. What is the hundreds digit of q?
5
Suppose 62*h + 347616 = -9*h. What is the units digit of h/(-84) + (-2)/7?
8
What is the hundreds digit of ((-3507)/(-2))/((204/24)/17)?
5
Suppose -4*q = 8, 2*y + 0*q = 4*q + 22. Let u = -88 + 94. Suppose -y*m + 60 = -u*m. What is the units digit of m?
0
Suppose 0 = -y + 2 - 12. Let u(b) = 8*b + 16. Let n be u(y). Let d = 5 - n. What is the tens digit of d?
6
Suppose -2*q + 1 = -5. Suppose 0 = q*y + 2*g - 34, -y - 3*g + 16 = -0*g. Suppose 4*c - 21 = c + 3*i, 5*i = -4*c + y. What is the units digit of c?
5
Suppose 26*o - 20*o - 198 = 0. Let x = 254 + o. What is the tens digit of x?
8
Let m = -20875 + 35368. What is the thousands digit of m?
4
Let r(y) = 231*y - 4413. What is the units digit of r(20)?
7
Suppose 0 = -10*r - 37*r + 559676. Suppose 2047 = -57*o + r. What is the tens digit of o?
7
Let z be -4*1*1 - (3 + -11). What is the thousands digit of (44/10)/((-4)/(-1090)) - z?
1
What is the ten thousands digit of -1*1/3 - ((-300087)/27 - -1)?
1
Suppose 14 = -2*h - 5*v, 3*h - 5*h = 4*v + 10. Let f = 1328 + -415. Suppose 4*x + c = 744, -x - h*c - f = -6*x. What is the hundreds digit of x?
1
Suppose 4*g = 6*g. Suppose g = w - 20 - 99. What is the units digit of w?
9
Let x(h) = -h**3 + 2*h**2 + 12*h - 19. Let n be x(4). What is the thousands digit of n - (-16432)/24*9/6?
1
Suppose 4003 - 230 = z + 705. What is the hundreds digit of z?
0
Suppose -4*c = -l + 55809, c + 217156 = 12*l - 452740. What is the thousands digit of l?
5
Suppose -7*k = -4*d + 132555, 478 + 32672 = d - 4*k. What is the ten thousands digit of d?
3
Suppose -14998 - 1145 = -6*q + 2187. What is the thousands digit of q?
3
Suppose 3*y = -9*m + 10*m + 17, -3*m - 9 = -3*y. What is the units digit of 14 - (y - 5) - 3?
9
Suppose -15*z + 126 = -14*z. Let p be 4374/z + -1 + 9/7. Suppose -3*y - 5*k + 135 = 0, 3*k + p = y + 4. What is the tens digit of y?
4
Let w be 20/(-40) + 7546/4 + -1. Suppose 18*s - w - 3065 = 0. What is the units digit of s?
5
Suppose 322 = 3*y + u - 1956, 5*y + 3*u - 3794 = 0. Suppose 49*z + 22 = 60*z. Suppose -3*h - z*h - 759 = -4*j, 4*j = 4*h + y. What is the units digit of j?
1
Let d be ((-26)/(-3))/((-12)/(-18)). Suppose 10 = -11*r + d*r. Suppose -4*n = r*x - 817, 2*n - 3*x = -3*n + 975. What is the tens digit of n?
9
Suppose 2342820 = 178*p - 2263642. What is the hundreds digit of p?
8
Let m(a) be the first derivative of 7*a**5/60 + 13*a**4/12 - 29*a**3/3 - 16. Let d(s) be the third derivative of m(s). What is the units digit of d(8)?
8
Let x(w) be the second derivative of -w**3/6 + 18*w**2 + 10*w. Let c be x(-28). Let u = -45 + c. What is the units digit of u?
9
Let g(u) = -17*u**3 - 2*u**2 + 1. Suppose 2*h - 5*h + 24 = 0. Let i be 20/h*12/(-15). What is the tens digit of g(i)?
2
Let k(c) = 23*c**2 + 13*c 